11, 19, 103, 179
What are the prime factors of 4647507?
3, 1549169
List the prime factors of 413351.
281, 1471
What are the prime factors of 2441559?
3, 359, 2267
List the prime factors of 2843878.
2, 31, 45869
List the prime factors of 99441.
3, 29, 127
What are the prime factors of 785307?
3, 67, 3907
What are the prime factors of 2091495?
3, 5, 7, 19919
List the prime factors of 6007226.
2, 1117, 2689
What are the prime factors of 16243582?
2, 647, 12553
What are the prime factors of 167051?
167051
List the prime factors of 274890.
2, 3, 5, 7, 11, 17
What are the prime factors of 328835?
5, 13, 5059
List the prime factors of 314424.
2, 3, 11, 397
What are the prime factors of 195888?
2, 3, 7, 11, 53
List the prime factors of 1052072.
2, 7, 18787
What are the prime factors of 272461?
7, 38923
What are the prime factors of 90879?
3, 30293
List the prime factors of 5747360.
2, 5, 17, 2113
What are the prime factors of 1296540?
2, 3, 5, 7
What are the prime factors of 43914426?
2, 3, 7319071
What are the prime factors of 728730?
2, 3, 5, 2699
List the prime factors of 27906910.
2, 5, 617, 4523
What are the prime factors of 4738488?
2, 3, 179, 1103
What are the prime factors of 686846?
2, 343423
What are the prime factors of 2738632?
2, 13, 17, 1549
What are the prime factors of 7555859?
1693, 4463
List the prime factors of 2747740.
2, 5, 137387
List the prime factors of 184690.
2, 5, 11, 23, 73
What are the prime factors of 356549?
356549
List the prime factors of 2064522.
2, 3, 47, 7321
What are the prime factors of 2018256?
2, 3, 19, 2213
List the prime factors of 7014966.
2, 3, 7, 167023
What are the prime factors of 4449247?
11, 577, 701
List the prime factors of 4185890.
2, 5, 19, 22031
What are the prime factors of 16217250?
2, 3, 5, 7, 3089
What are the prime factors of 2493009?
3, 19, 61, 239
List the prime factors of 35556.
2, 3, 2963
What are the prime factors of 1613303?
89, 18127
What are the prime factors of 344815?
5, 68963
List the prime factors of 2239705.
5, 13, 34457
List the prime factors of 390090.
2, 3, 5, 13003
What are the prime factors of 8316275?
5, 11, 30241
What are the prime factors of 2484481?
53, 46877
List the prime factors of 21850865.
5, 17, 257069
List the prime factors of 606359.
13, 46643
List the prime factors of 2921682.
2, 3, 486947
What are the prime factors of 315923?
431, 733
List the prime factors of 12199710.
2, 3, 5, 17, 19, 1259
List the prime factors of 5881376.
2, 23, 61, 131
List the prime factors of 1291085.
5, 149, 1733
List the prime factors of 10645705.
5, 7, 304163
List the prime factors of 8560892.
2, 2140223
What are the prime factors of 74362?
2, 37181
What are the prime factors of 115281?
3, 12809
What are the prime factors of 2070089?
7, 295727
List the prime factors of 6578319.
3, 11, 199343
List the prime factors of 681880.
2, 5, 17047
What are the prime factors of 668995?
5, 67, 1997
What are the prime factors of 6259398?
2, 3, 19, 54907
What are the prime factors of 141752?
2, 13, 29, 47
What are the prime factors of 869453?
13, 47, 1423
List the prime factors of 165666.
2, 3, 27611
What are the prime factors of 15903080?
2, 5, 41, 9697
List the prime factors of 1128354.
2, 3, 181, 1039
List the prime factors of 605670.
2, 3, 5, 13, 1553
List the prime factors of 8298790.
2, 5, 47, 17657
List the prime factors of 4664493.
3, 172759
What are the prime factors of 452741?
173, 2617
List the prime factors of 251094.
2, 3, 41849
What are the prime factors of 3749?
23, 163
What are the prime factors of 335280?
2, 3, 5, 11, 127
List the prime factors of 401784.
2, 3, 16741
What are the prime factors of 288398?
2, 11, 13109
What are the prime factors of 220750?
2, 5, 883
List the prime factors of 1141277.
1141277
List the prime factors of 238124.
2, 59, 1009
List the prime factors of 933730.
2, 5, 7, 13339
What are the prime factors of 1340316?
2, 3, 31, 1201
What are the prime factors of 74744?
2, 9343
What are the prime factors of 13795566?
2, 3, 1429, 1609
List the prime factors of 264212.
2, 13, 5081
What are the prime factors of 8399259?
3, 11, 37, 2293
What are the prime factors of 595685?
5, 109, 1093
What are the prime factors of 277791?
3, 29, 31, 103
What are the prime factors of 158552?
2, 19819
What are the prime factors of 308702?
2, 154351
List the prime factors of 18941946.
2, 3, 3156991
List the prime factors of 613142.
2, 281, 1091
What are the prime factors of 15022975?
5, 11, 54629
What are the prime factors of 1515280?
2, 5, 13, 31, 47
What are the prime factors of 1556841?
3, 11, 13, 19, 191
List the prime factors of 4137798.
2, 3, 7, 98519
List the prime factors of 2448639.
3, 73, 3727
List the prime factors of 1051075.
5, 42043
List the prime factors of 1759090.
2, 5, 175909
What are the prime factors of 16533554?
2, 17, 486281
What are the prime factors of 1447078?
2, 19, 113, 337
List the prime factors of 108608.
2, 1697
What are the prime factors of 4209960?
2, 3, 5, 35083
List the prime factors of 2472733.
1013, 2441
List the prime factors of 387626.
2, 193813
What are the prime factors of 1668547?
47, 131, 271
What are the prime factors of 4866285?
3, 5, 324419
List the prime factors of 331727.
11, 53, 569
List the prime factors of 302268.
2, 3, 25189
List the prime factors of 289256.
2, 11, 19, 173
List the prime factors of 108821.
108821
What are the prime factors of 568304?
2, 11, 3229
List the prime factors of 1381548.
2, 3, 7, 16447
What are the prime factors of 3126433?
61, 107, 479
What are the prime factors of 20992220?
2, 5, 1049611
What are the prime factors of 2406326?
2, 13, 92551
What are the prime factors of 2049601?
59, 34739
What are the prime factors of 655031?
13, 50387
What are the prime factors of 10229135?
5, 7, 23, 97, 131
What are the prime factors of 265904?
2, 16619
List the prime factors of 49828.
2, 12457
List the prime factors of 9059046.
2, 3, 1509841
What are the prime factors of 14518860?
2, 3, 5, 241981
List the prime factors of 36306569.
13, 1193, 2341
List the prime factors of 4193493.
3, 733, 1907
List the prime factors of 232888.
2, 43, 677
What are the prime factors of 273948?
2, 3, 37, 617
List the prime factors of 14168454.
2, 3, 977, 2417
List the prime factors of 488176.
2, 13, 2347
List the prime factors of 16535.
5, 3307
What are the prime factors of 1105261?
1105261
What are the prime factors of 3442586?
2, 7, 245899
What are the prime factors of 701685?
3, 5, 31, 503
List the prime factors of 840246.
2, 3, 11, 29, 439
What are the prime factors of 296584?
2, 131, 283
What are the prime factors of 680480?
2, 5, 4253
List the prime factors of 48801.
3, 16267
What are the prime factors of 1162489?
23, 50543
What are the prime factors of 5694?
2, 3, 13, 73
What are the prime factors of 447639?
3, 149213
What are the prime factors of 2569680?
2, 3, 5, 43, 83
List the prime factors of 1164883.
109, 10687
What are the prime factors of 3758211?
3, 109, 1277
List the prime factors of 18102807.
3, 17, 179, 661
What are the prime factors of 908700?
2, 3, 5, 13, 233
What are the prime factors of 3209?
3209
List the prime factors of 2390723.
2390723
List the prime factors of 1458139.
239, 6101
What are the prime factors of 453796?
2, 7, 19, 853
What are the prime factors of 8336718?
2, 3, 13, 23, 1549
What are the prime factors of 2937827?
2937827
What are the prime factors of 625933?
7, 11, 739
List the prime factors of 5653619.
241, 23459
What are the prime factors of 99836?
2, 11, 2269
List the prime factors of 178035.
3, 5, 11, 13, 83
List the prime factors of 533879.
533879
List the prime factors of 28902985.
5, 109, 181, 293
What are the prime factors of 2035207?
197, 10331
What are the prime factors of 1323743?
1323743
List the prime factors of 298485.
3, 5, 11, 67
What are the prime factors of 1244?
2, 311
What are the prime factors of 4202041?
83, 50627
List the prime factors of 3105544.
2, 13, 2297
What are the prime factors of 13265643?
3, 101, 43781
What are the prime factors of 12979859?
37, 53, 6619
What are the prime factors of 210091?
7, 30013
List the prime factors of 168354.
2, 3, 47, 199
List the prime factors of 17380555.
5, 53, 65587
List the prime factors of 66000.
2, 3, 5, 11
List the prime factors of 22